e the prime factors of v?
2
Suppose 0 = -6*a - 486 + 2160. What are the prime factors of a?
3, 31
Let h(s) = -s**3 - 13*s**2 + 4*s + 4. Let q(t) = -t**3 - 14*t**2 + 4*t + 4. Let z(r) = -7*h(r) + 6*q(r). What are the prime factors of z(-7)?
2, 3
Suppose -2 = -2*z - 6. Let w be 36*(3/z)/(-3). List the prime factors of 382/w + (-4)/18.
3, 7
Suppose -2*w + 24944 = 6*w. What are the prime factors of w?
2, 1559
Suppose -318 + 10 = -7*m. Let d = m - -128. What are the prime factors of d?
2, 43
Suppose 0 = -4*p - 4*n + 3020, -5*p - 3*n + 1479 = -2292. What are the prime factors of p?
3, 251
Suppose -2*q + 101 + 269 = 0. Suppose 0 = -5*s + 5*u + q, 2*s + 191 = 7*s + u. What are the prime factors of s?
2, 19
Suppose 0 = 5*f - 10*f. Suppose -3*a + 168 + 72 = f. What are the prime factors of -4*(-3)/24*a?
2, 5
Suppose r = -g - 4*g + 1670, 0 = 4*g - 2*r - 1322. What are the prime factors of g?
3, 37
Let u(i) = 2*i**2 - 2*i - 7. Let f be u(3). Suppose f*r + 0 = 30. What are the prime factors of 12/r*148/8?
37
Suppose -5*m + 115 = 2*j - 4*m, -221 = -4*j - 5*m. What are the prime factors of j?
59
Let p be ((-54)/(-45))/((-2)/5). What are the prime factors of 46 + (4 - 3)*p?
43
Let c be (6/(-9))/((-2)/57). Suppose u + 4*v + c = 0, -29 = 3*u + 5*v + 7. Let t(o) = o**3 + 6*o**2 - 11*o - 7. List the prime factors of t(u).
3, 7
Suppose -3 = 3*j, -5*j = 5*d - 2*d - 22. Let o be (12/(-10))/(d/(-30)). Suppose -3*c + 25 = o*v + v, -20 = -4*v + 5*c. List the prime factors of v.
5
Let c(m) = -m + 1. Let v(l) = 3. Let u(p) = 2*c(p) - v(p). Let j be u(0). What are the prime factors of (60/(-9))/(j/3)?
2, 5
Let r be (-7 + 12)/(10/4). What are the prime factors of 2*(71/2 - r)?
67
Suppose 5*j = 73 - 43. List the prime factors of j.
2, 3
Let f(x) = x - 1. Let z be f(5). Suppose -2*i = i + z*u - 29, -26 = -2*i - 4*u. Suppose g - 2*k = -5*k + 48, i*g = -4*k + 119. List the prime factors of g.
3, 11
Let d = 619 + -903. Let b = -179 - d. List the prime factors of b.
3, 5, 7
Let k = -34 - -41. Let u(o) = 3*o**2 - 10*o - 2. What are the prime factors of u(k)?
3, 5
Let c be 3*(-3 - (-44)/12). Suppose 3*z - 3*x - 72 = 0, -x - 48 = -c*z + 3*x. List the prime factors of z/3 + (2 - 1).
3
What are the prime factors of (-1823148)/(-476) - (-2)/(-14)?
2, 5, 383
Let y(n) = 5*n**2 - 11*n + 4. Let p be y(-6). Suppose c - 2*s - 33 - 34 = 0, -2*s - p = -4*c. List the prime factors of c.
61
Suppose -4*k - 3*c + 1708 = 0, 0 = k + 4*c - c - 418. List the prime factors of k.
2, 5, 43
Let t = 1832 - 1375. What are the prime factors of t?
457
Let i = 66 + -66. Suppose -4*d + 255 = -5*p - 197, i = 5*d - p - 565. What are the prime factors of d?
113
Suppose 10 + 9 = 3*d - 5*b, -2*d + 5*b + 21 = 0. What are the prime factors of 2202/30 + d/5?
73
Suppose 3*q - 14 = -8. Suppose -85 = -5*j + 5*z - 15, -58 = -q*j - 4*z. Let m = j + -2. List the prime factors of m.
17
Let j = 40 + -17. Suppose h = -2*h - 18. Let f = h + j. List the prime factors of f.
17
Let g be 2/18 + 476/9. Suppose 289 = 5*l + 3*d, -3*l + d = -2*l - g. What are the prime factors of l?
2, 7
Suppose z = c - 6*c + 471, 178 = 2*c + 3*z. Let f(m) = 15*m**2 + 2*m - 1. Let p be f(2). Let u = c - p. What are the prime factors of u?
2
Suppose -2*y - 3*y + 4*h = -20179, -4*y + 16135 = 5*h. List the prime factors of y.
3, 5, 269
Let o(q) = 3*q - 14. Let v be o(6). Suppose -3*d + 32 = v*w, -3*d + w + 4*w + 68 = 0. List the prime factors of d.
2
Suppose -4*u = -5*y - 1126, -2*u = -u + 4*y - 271. What are the prime factors of u?
3, 31
Suppose -2*g = -z - 14, 2*z + z = -12. Suppose 3*u + 2*w + 58 + 132 = 0, -g*u - 295 = -w. Let b = -42 - u. What are the prime factors of b?
2, 3
Let z be (-914)/(-3) + 2/6. Suppose r = 3*o + 2*o - 113, 3*r + 2*o = -z. Let s = r - -149. What are the prime factors of s?
2, 23
Let x be 3/(63/6) - 19/(-7). Let b(o) = 3*o**2 + 6*o - 5. List the prime factors of b(x).
2, 5
Suppose 15*v = 237 + 18. Let f(m) = -m**2 - 2*m + 1. Let w be f(2). Let l = v + w. List the prime factors of l.
2, 5
Let n(i) = -55*i + 123. What are the prime factors of n(-12)?
3, 29
Suppose 0*k - k + 7 = 0. Let h be 3/k - 15/35. Suppose i + 2*u - 15 = h, 5*u = -5*i + 4*u + 102. List the prime factors of i.
3, 7
Let i = -5 + 11. Suppose -3*p - 9 = i. What are the prime factors of 7 + p - (-7 + 1)?
2
List the prime factors of ((18/(-5))/(-3))/((-42)/(-201705)).
3, 17, 113
Let s(r) be the third derivative of 0 - 1/24*r**4 + 0*r + 2/3*r**3 + 4*r**2. List the prime factors of s(-12).
2
Let t = -32 + 32. Suppose t = 7*b - 55 - 36. List the prime factors of b.
13
Suppose 5*h + f - 11 = 0, -2*h = -h + 2*f - 4. Suppose 45 - 304 = -2*b - 3*u, b = h*u + 112. What are the prime factors of b?
2, 61
Let m be 0/2 - 1 - -14. Let f = m + -12. Let t(i) = 2*i**3 + i**2 - 1. What are the prime factors of t(f)?
2
Let a = 3 - 1. Suppose 4*b = -5*m + 2, 2*m + 2*b - 8 = -a*b. What are the prime factors of (27/(-18))/(m/8)?
2, 3
Let d = 178 + -124. What are the prime factors of d?
2, 3
Let c be -6*(-1)/(0 - -2). Let n be (-3)/2*8/(-6). Suppose 0 = a - c - n. What are the prime factors of a?
5
Let p = 8782 + -4752. List the prime factors of p.
2, 5, 13, 31
What are the prime factors of (-52)/(-182) + 486/28*2?
5, 7
Let x(u) = 10*u. Let h be x(1). Suppose 12*i = h*i. Suppose -111 = -i*k - 3*k. List the prime factors of k.
37
Let a(w) = -6*w + 0 + 3*w**2 + 1 - 2*w**2. List the prime factors of a(-6).
73
Let q = 117 + 104. Suppose -5*u + q - 21 = 0. What are the prime factors of u?
2, 5
Suppose -4*g - 5*b + 2232 = 0, 0 = 3*g - 4*b - 741 - 902. Suppose 0 = 4*p - g + 81. List the prime factors of p.
2, 59
Suppose -30*g + 33*g = -45. What are the prime factors of ((-471)/g)/(((-18)/15)/(-6))?
157
Suppose 4*a - h = 3*h + 176, -219 = -5*a + 4*h. Suppose -46*k + a*k = -165. List the prime factors of k.
5, 11
What are the prime factors of (-54)/(-9)*292/8?
3, 73
Let j = 1119 + 1083. What are the prime factors of j?
2, 3, 367
Let w(b) = 244*b - 102. What are the prime factors of w(2)?
2, 193
Suppose -5*m + 0 = -2*h - 429, 0 = -5*m + 5. Let c = 312 + h. What are the prime factors of c?
2, 5
Let h = 1026 - 508. List the prime factors of h.
2, 7, 37
Let w(d) = -21*d - 2 - 8 + 3 - 6 + 4*d**2. List the prime factors of w(11).
2, 3, 5
Let w(f) = 81*f + 1. Let p be w(-1). Let l = p + 130. List the prime factors of l.
2, 5
Let w be (-5)/((-5)/(-3)) + 3. Suppose -l + 7 = 4*i, w = -4*i + 3*i - 5*l - 3. Let t(q) = 2*q**2 + 3*q - 1. What are the prime factors of t(i)?
13
Let m(f) = 2*f**2 - 3*f. Let d = 8 + -3. Suppose c - 9 = 5*g - 23, -d*g = -3*c - 22. What are the prime factors of m(g)?
2
Let y = 92 + -47. Suppose w = -4*w + y. Suppose 0 = 4*j + 3*s - 21, -3*j - 2*j = -2*s - w. What are the prime factors of j?
3
Suppose -5*x + s = -13, 5*x - 1 = 3*s + 8. Let k(j) = 10*j - 3. List the prime factors of k(x).
3
Let j = -1530 - -2348. List the prime factors of j.
2, 409
What are the prime factors of ((-144903)/396)/((-1)/12)?
4391
Let v = 26 + -26. Suppose -5*i + 104 = -t, v*t + 44 = 2*i - t. What are the prime factors of i?
2, 5
Let r(a) = -4*a + 36. Let s be r(8). Suppose 0*t = -3*t + 5*m + 809, t - s*m = 265. What are the prime factors of t?
3, 7, 13
Let q = -20 + 23. Suppose 2*o = -q*j + 90, -j + 136 = 4*o - 6*j. What are the prime factors of o?
3, 13
Let s be 5 - (4 + -1 + 0). Suppose 0 = s*j + 13 + 11. List the prime factors of 1/(-4) - 339/j.
2, 7
Let q be 4 - ((-20)/5 - -3). Suppose q*n - 10*n + 20 = 0. Suppose 2*r + 20 = 2*l, -4*l = -0*l + n*r - 24. What are the prime factors of l?
2
Let c(p) = -6*p + 6. Let f be c(-5). What are the prime factors of (-75)/(-3)*f/10?
2, 3, 5
Suppose 0 = l + 3*x - 0*x - 11, -x = 0. Let b = l + -9. Suppose -3*z + y + 67 = 0, b*z - 16 = y + 30. What are the prime factors of z?
3, 7
Suppose -3*g - 43 = -2*g. Let x be -3*(0 + (2 - (-110)/6)). Let o = g - x. List the prime factors of o.
2, 3
Suppose 2*d - 2*m + 6 = -3*d, -m + 3 = 0. Suppose d = -s - s + 3*a + 110, 110 = 2*s + a. List the prime factors of s.
5, 11
Suppose -2684 = 5*h - 7*h. List the prime factors of h.
2, 11, 61
Let j = 1 - 2. Let z(a) = -1. Let b(p) = 9*p. Let m(t) = j*b(t) + z(t). List the prime factors of m(-4).
5, 7
Suppose 0 = 20*m + 5512 - 18812. List the prime factors of m.
5, 7, 19
What are